9 prime?
False
Is 117126171137 a composite number?
True
Is 31044815353 prime?
False
Is 15201650557 a composite number?
True
Is 19782471361 a prime number?
True
Is 4626674347 composite?
True
Is 4936199131 a composite number?
False
Is 30020280809 composite?
True
Is 86437809137 prime?
False
Is 45899503777 a prime number?
False
Is 4709192533 a composite number?
False
Is 3450619981 a composite number?
False
Is 472030969 a composite number?
True
Is 9848259653 prime?
False
Is 1320043261 a prime number?
True
Is 131952031 composite?
True
Is 2211980063 composite?
True
Is 7552759073 composite?
False
Is 123634747 a prime number?
False
Is 2128303469 a composite number?
True
Is 353109707 composite?
True
Is 4298308489 a composite number?
True
Is 4728395671 a composite number?
True
Is 2927785699 composite?
True
Is 1044881119 prime?
False
Is 4715002879 a composite number?
False
Is 259048472135 a composite number?
True
Is 12894282123 a composite number?
True
Is 50581057807 a composite number?
True
Is 37415923 composite?
False
Is 292803853 prime?
False
Is 55810770482 composite?
True
Is 266902351 a prime number?
True
Is 14524114279 composite?
True
Is 6113046041 a composite number?
False
Is 6498328723 prime?
True
Is 9195084209 a prime number?
False
Is 99369791 prime?
False
Is 16781770549 prime?
True
Is 5028407963 composite?
False
Is 472603717 composite?
False
Is 2162846827 prime?
True
Is 919635637 prime?
False
Is 7102985843 a composite number?
True
Is 76425048049 composite?
True
Is 22760226887 a prime number?
True
Is 1789427383 composite?
True
Is 117716657107 a prime number?
False
Is 2303486951 composite?
True
Is 148828651 prime?
False
Is 35545308287 a composite number?
False
Is 11561396305 a prime number?
False
Is 1302436979 composite?
False
Is 16639518463 composite?
False
Is 930718699 prime?
False
Is 387224023 a prime number?
False
Is 17130954449 a prime number?
False
Is 5191827973 a composite number?
True
Is 20651067497 a prime number?
True
Is 61454261093 prime?
True
Is 2114552039 a composite number?
True
Is 170959913 prime?
True
Is 8358818833 a prime number?
True
Is 573895339 a prime number?
True
Is 80348931259 composite?
True
Is 9848371711 prime?
False
Is 1309663081 a prime number?
True
Is 245652265 a prime number?
False
Is 158197177 a composite number?
False
Is 3634445683 a prime number?
False
Is 16326970937 a composite number?
True
Is 1180043369 composite?
True
Is 15956224853 prime?
False
Is 34137268181 a composite number?
True
Is 336520897 prime?
True
Is 63341488417 prime?
True
Is 450637729 composite?
False
Is 130550491 a prime number?
True
Is 655606579 a prime number?
False
Is 1503031781 composite?
True
Is 152379678067 a prime number?
False
Is 10127730439 prime?
False
Is 6166737751 composite?
False
Is 17528735773 composite?
True
Is 750321359 prime?
True
Is 8876822083 a prime number?
True
Is 214383181 prime?
True
Is 47596362713 prime?
True
Is 35161737833 a composite number?
True
Is 350019977 composite?
True
Is 7030864669 a composite number?
False
Is 21898529389 a composite number?
True
Is 1303376197 a prime number?
True
Is 11832265 a composite number?
True
Is 2364206203 prime?
True
Is 26854725197 composite?
False
Is 82815191 composite?
True
Is 3741553399 composite?
False
Is 17146930351 prime?
False
Is 7340904643 a prime number?
True
Is 124875798041 a composite number?
True
Is 1734467051 a composite number?
True
Is 70080105731 a prime number?
False
Is 3853468897 a prime number?
False
Is 6485699237 a composite number?
False
Is 4005083 a prime number?
False
Is 164027813 a composite number?
True
Is 23590868831 a composite number?
False
Is 271606207 a composite number?
False
Is 16224047603 prime?
True
Is 10782050597 a composite number?
False
Is 52029287 prime?
False
Is 5419139771 a composite number?
False
Is 54779566826 prime?
False
Is 2289665051 a composite number?
True
Is 10524795509 prime?
True
Is 11976799097 a prime number?
True
Is 92260874623 prime?
False
Is 126566474 prime?
False
Is 16865108749 composite?
True
Is 17125032979 prime?
True
Is 44368196443 a composite number?
False
Is 4961884709 a prime number?
True
Is 72834424757 prime?
True
Is 78625114627 composite?
True
Is 93035923 composite?
False
Is 51923756039 a composite number?
False
Is 5994450941 composite?
True
Is 12669323971 prime?
True
Is 690613771 a prime number?
True
Is 20701315091 prime?
False
Is 12567805541 composite?
False
Is 51248263613 composite?
False
Is 442702615 a prime number?
False
Is 1597808923 prime?
True
Is 871125935 a prime number?
False
Is 860191249 a prime number?
True
Is 112141003139 a prime number?
False
Is 43026461 a composite number?
False
Is 18271792951 prime?
True
Is 7303384987 prime?
True
Is 6964200151 prime?
False
Is 12023548759 prime?
False
Is 71033737 a prime number?
True
Is 40348296619 prime?
True
Is 1705349207 composite?
False
Is 728215693 prime?
True
Is 12855182231 prime?
True
Is 4404610627 prime?
True
Is 31228341733 composite?
False
Is 1304842919 a composite number?
True
Is 5411793449 a prime number?
True
Is 663260743 a prime number?
True
Is 22144037 prime?
False
Is 8698132763 a composite number?
False
Is 604338817 a prime number?
True
Is 2843920831 a prime number?
True
Is 141218239 a prime number?
False
Is 7074280799 a composite number?
False
Is 188855582243 prime?
True
Is 8019063901 prime?
True
Is 11895612823 prime?
False
Is 315342287 a composite number?
True
Is 280608623 composite?
False
Is 777653834 composite?
True
Is 883832381 composite?
False
Is 4076756549 prime?
False
Is 1287558071 prime?
False
Is 1736676706 composite?
True
Is 12291188111 composite?
False
Is 978137729 composite?
True
Is 1384254727 a prime number?
False
Is 5487469717 a prime number?
True
Is 2298766931 a prime number?
True
Is 405172117451 a composite number?
False
Is 949421113 a prime number?
False
Is 46645987 composite?
True
Is 2680670849 composite?
True
Is 1055753353 prime?
True
Is 63419953 a composite number?
False
Is 12327784289 a prime number?
True
Is 9894379057 a composite number?
True
Is 2314059541 a composite number?
True
Is 16482734819 a composite number?
False
Is 2308750571 a composite number?
False
Is 1988802209 a prime number?
False
Is 126940210079 prime?
False
Is 2454270461 a prime number?
False
Is 734245529 a prime number?
True
Is 34159302059 a composite number?
True
Is 82836814 composite?
True
Is 12507475267 a composite number?
True
Is 20607743701 prime?
True
Is 7968783981 a prime number?
False
Is 9823997639 composite?
False
Is 176046116429 composite?
True
Is 546780019 a composite number?
False
Is 3215420491 composite?
True
Is 348218909 prime?
False
Is 2167710173 composite?
True
Is 22458788189 a prime number?
True
Is 1239533587 prime?
False
Is 39413650657 a prime number?
True
Is 72991656499 a prime number?
False
Is 10381886611 composite?
True
Is 12729834527 a prime number?
False
Is 65759943119 prime?
False
Is 9486385 composite?
True
Is 16942575697 prime?
False
Is 13976504455 a prime number?
False
Is 2326619227 a prime number?
True
Is 39806687693 prime?
True
Is 66775403 prime?
True
Is 142951859 a prime number?
False
Is 7749290449 a prime number?
False
Is 6649194401 a prime number?
True
Is 45387251719 a prime number?
False
Is 43969754801 a prime number?
False
Is 261820921 prime?
False
Is 3830943979 a composite number?
True
Is 411619807 a composite number?
False
Is 29382083 prime?
False
Is 8863182659 prime?
True
Is 27755090383 a composite number?
True
Is 13236630577 a prime number?
False
Is 63540666317 a composite number?
True
Is 790576793 a prime number?
False
Is 4722846403 a prime number?
False
Is 1043609683 a composite number?
False
Is 10237202057 composite?
False
Is 614847629 a prime number?
False
Is 37497645543 composite?
True
Is 17915755843 a composite number?
False
Is 95994955699 a prime number?
True
Is 427314947 a prime number?
True
Is 568025977 prime?
True
Is 5614312403 composite?
True
Is 2920249369 a composite number?
True
Is 2388637477 a prime number?
True
Is 4261100611 a composite number?
False
Is 56299024817 a composite number?
True
Is 338582291 a composite number?
False
Is 3194149589 prime?
False
Is 11311756639 a prime number?
True
Is 113545465529 composite?
False
Is 5485620653 composite?
False
Is 4224361901 a composite number?
False
Is 6743792051 composite?
True
I